= 2*m**3 - 21*m**2 + 29*m - 3. Let t be g(9). Suppose -4*o - a + 189 = 0, -o + f = a - t. What is the units digit of o?
8
Let n be 16/(-72)*(-9)/4*2. Suppose 0 = -5*h + 10, 2*h + 2 = -c + h. Let y = n - c. What is the units digit of y?
5
Suppose 3*d + a - 41 = 0, d - 4*d + 3*a + 45 = 0. Suppose -13*m + d*m - 4*z = 163, 0 = 5*m + 4*z - 791. What is the hundreds digit of m?
1
Suppose 0 = 115*y - 57*y + 70*y - 2194176. What is the hundreds digit of y?
1
Suppose 5*z + 4 = 6*z. Suppose 4*c - 9*k + 8*k = 1495, 758 = 2*c - z*k. What is the tens digit of c?
7
Let a be -3 - ((-6)/10 - (-135)/(-25)). Suppose a*p - 5*m - 115 = -p, -3*p + 2*m + 88 = 0. What is the tens digit of p?
3
Let y be ((-96)/(-10))/((-7)/29750*-10). Let f = -2330 + y. What is the tens digit of f?
5
Let q = 260 + -347. Let l = q - -564. What is the hundreds digit of l?
4
Suppose n = -0*n + 4. Suppose 6*h = -4 + n. Suppose h = -2*d + 6*d - 404. What is the units digit of d?
1
Let u = 400 + -237. Suppose -2*w = -5*b - 173, -3*w + 5*w + 5*b - u = 0. What is the units digit of w?
4
Let d(i) = -11*i**3 + 46*i**2 + 117*i + 46. Let t(g) = 4*g**3 - 15*g**2 - 40*g - 15. Let r(w) = 3*d(w) + 8*t(w). What is the thousands digit of r(15)?
1
Suppose 3*c + 7 = 2*o, 3*o + 5*c + 2 - 3 = 0. Let p be (16 + -11)*(-2 - -3). Suppose -o*n + n = -p*l - 1, -73 = -4*n - 3*l. What is the units digit of n?
6
Let v(b) be the first derivative of 23*b**2/2 + b - 17. Let l be v(3). Let z = l - 39. What is the tens digit of z?
3
Suppose 4*y - 6*y + 26 = 0. Suppose -15 + y = d. What is the units digit of d*1/(-6)*(5 - -364)?
3
Let s(y) = 47*y**2 - 121*y + 2437. What is the thousands digit of s(33)?
9
Let x(c) = c + 7. Let u be x(-4). Suppose 462 = u*k - 0*k. Suppose 24*a - 22*a - k = 0. What is the units digit of a?
7
Suppose 0*x - 2*h = x - 92, 2*h - 350 = -4*x. Suppose -4*l + 5*y = 38, 291*l + 2*y = 294*l + 25. Let v = x + l. What is the tens digit of v?
7
Suppose -123 = -3*b - 3*s, -92 = -2*b - 2*s + 5*s. Suppose -48*d = -b*d - 2215. What is the hundreds digit of d?
4
What is the tens digit of -11 + 15 + 11987 - 11?
8
Suppose 307 = -4*l - u, -2*l - 4*u = u + 149. Let b = -57 - l. What is the tens digit of -43*9/2*b/(-30)?
2
Suppose -188*v = -149*v - 227721. What is the units digit of v?
9
What is the tens digit of (-2)/1 + (2/15 - (-10002274)/870)?
9
Let t(m) = -154*m + 1462. What is the hundreds digit of t(-73)?
7
Let a = -1 + 10. Let k(d) = 19*d - 3 + d + 3*d + a*d. What is the units digit of k(2)?
1
Let u = -9601 + 15466. What is the units digit of u?
5
Let b(u) = -2*u**2 + 9*u + 2286. What is the tens digit of b(0)?
8
Suppose -2*c + 5 = 3*n, 2*c = 2*n + 9 - 29. Suppose 5*h - 2*h + 15 = 0, 2*t - 97 = n*h. Let v = -3 + t. What is the tens digit of v?
3
Let j(m) = -29*m**3 + 33*m + 81. What is the hundreds digit of j(-5)?
5
Suppose 28 = -2*t + y - 15, -y = -t - 19. Let o be (3/(-2))/(t/800). Suppose o + 122 = 4*b. What is the units digit of b?
3
Suppose 2*a - 10 = 0, -3*a = k + 44 - 286. Suppose -2*f + c = -k, 4*c - 221 = -2*f + 3*c. What is the units digit of f?
2
Suppose -201 - 309 = -6*a. What is the units digit of a?
5
Let s be 5 + -14 + 7 + -1. What is the tens digit of (-368 - 14)*((-5)/(-2) + s)?
9
Let w = 107 + -85. Let h be 0 + 3/6 + w/4. Let s(f) = f**3 + f + 7. What is the units digit of s(h)?
9
Suppose h = -5*i + 5*h + 5333, -4 = 2*h. Suppose 17*y - i = 2*y. What is the units digit of y?
1
Let d(x) = x**2 - 5*x + 11. Let c = -54 + 42. Let p be c*(3 + (-1 + -15)/4). What is the units digit of d(p)?
5
Suppose 54428 - 8158 = 3*h + 4*c, 0 = 2*h - 2*c - 30870. What is the thousands digit of h?
5
Suppose -2*x + 120 = s - 253, -x = 5*s - 1820. What is the hundreds digit of s - (-5 + -23)/(-7)?
3
Let s be 4/(5 + 42/(-10)). Suppose 2*g = 9*q - 10*q + 3337, -s*g + q = -8353. What is the tens digit of g?
7
Let l be ((-350)/15)/(-7)*6. Suppose 22*t = l*t - 3*m + 476, -4*m - 912 = -4*t. What is the units digit of t?
2
Let c be 333 + 5 - 4 - -5. Let z = c - 10. What is the tens digit of z?
2
Let p be (-25 - -5)*(-5)/(75/(-36)). What is the tens digit of -404*1*-3*(-20)/p?
0
Let c = 778 - -537. Suppose -7*n = -2227 - c. What is the hundreds digit of n?
5
Suppose -4*r = -5*l + r + 45, 7 = -l + 5*r. Let x(i) = -36 + 36*i + l - 34*i + 17*i**2 - i**3. What is the tens digit of x(17)?
1
Let h(m) = 62*m - 22. Let s(u) = -123*u + 42. Let l(w) = 7*h(w) + 3*s(w). Let z be l(7). Suppose -1633 = -9*y - z. What is the tens digit of y?
3
What is the hundreds digit of (-2)/90*18 + 44744/10?
4
Let a(w) = 2*w**2 - 4*w. Let j be a(5). Let h(f) = 3*f + 43. Let s be h(-12). Let o = j + s. What is the units digit of o?
7
Let s = -247 - -515. Let b = 456 - s. Suppose -2*p - 4*c + b = 0, 2*c + c = -p + 96. What is the tens digit of p?
9
Suppose -52 = -2*i + 5*q, -3*i + 4*q = 37 - 108. Suppose -5*x = -i + 1. What is the tens digit of 2*(x + -151)/(-3)?
9
Let h be (-271019)/(-35) - 6/(-10). Suppose 3*j = -8*j + h. What is the units digit of j?
4
Let j(p) = -30631*p**2 + 30632*p**2 + 460 - 5*p + 3*p + p - 5*p. What is the hundreds digit of j(0)?
4
Suppose 0 = -34*w + 87150 + 41540. What is the tens digit of w?
8
Let p be (0/(-6))/(5 + -2 + -1). Suppose -10*m + 25*m - 17835 = p. What is the hundreds digit of m?
1
Let t(v) be the first derivative of v**3/3 + 7*v**2 - 19*v - 10. Let b be t(-16). Let d = 103 + b. What is the hundreds digit of d?
1
Let s(f) = f**3 - 5*f**2 + 5*f + 10. Suppose -258 = 3*j - 4*i, 3*j = j + 5*i - 165. Let c = j + 95. What is the units digit of s(c)?
5
Let w = -415 - -646. Let c = 450 - w. What is the units digit of c?
9
Suppose -14*d + 70857 + 85898 = -93229. What is the thousands digit of d?
7
Let u(o) = -3*o**3 + 38*o**2 + 46*o + 2. What is the units digit of u(-10)?
2
Let x = 81 - -20. Suppose -4*f - x + 677 = -4*v, 0 = -3*f - 4*v + 418. Let z = f - -44. What is the tens digit of z?
8
Let g = 2695 + -981. Let d = g + -889. What is the units digit of d?
5
Let z be (-2)/21 + 47050/105. Let c = -210 + z. Let x = -57 + c. What is the hundreds digit of x?
1
Let p(y) = 4*y + 83. Let z(a) = -a**2 - 5*a + 20. Let n be z(4). Let i be -1 - (n + 1*(1 - -1)). What is the units digit of p(i)?
5
Let a = 91 + -88. Suppose -10 = -a*r + l + 3, -2*r + 12 = -4*l. Suppose -2*t + 2*v - 65 = -345, -r*v = 5*t - 691. What is the units digit of t?
9
Let g be 0 + 6/(-78)*0. Let y be 4/2*(-646)/(-4). Suppose -q + y = 3*f + 4*q, g = -2*f - 3*q + 214. What is the hundreds digit of f?
1
Let o be 8/(-16)*(-38344)/1. Suppose -o + 3156 = -26*c. What is the units digit of c?
6
What is the tens digit of (-2 - 1) + 703188/(24/2)?
9
Suppose 0 = -b + 108 - 110. Let d(m) = 86*m**2 + 9*m. What is the tens digit of d(b)?
2
Suppose -q + 4*f = -2533 + 932, -2*f = 4*q - 6386. What is the hundreds digit of q?
5
What is the hundreds digit of 7045 + -4*9/36?
0
Let y = -150 - -167. Suppose -1019 = -18*s + y*s + z, -s = z - 1009. What is the tens digit of s?
1
Suppose 32*s - 67800 = -15*s + 44*s. What is the units digit of s?
0
Suppose -4*q = 20, -2*q + 20 = 2*p + 6. Let u be (-80)/12*p/(-8). Let l = 8 + u. What is the tens digit of l?
1
Let t be ((-6)/9)/(8/(-96)). Let q be t/2 - 6 - -14. Let m(y) = y**2 - 10*y - 2. What is the tens digit of m(q)?
2
Suppose g = 4*a - 68711, 4*a + 2*g - 37346 - 31368 = 0. What is the tens digit of a?
7
Let x = 1571 - -2685. Suppose 11*o = -582 + x. What is the hundreds digit of o?
3
What is the units digit of (71270/14)/((-382)/(-2674))?
5
Suppose 232930 + 1070 = 12*z. What is the units digit of z?
0
Let b(a) = -a**3 - 3*a**2 + 5*a + 4. Let k = -49 - -53. Let x be b(k). What is the units digit of 1/(2/64)*x/(-32)?
8
Let n = -21141 - -54521. What is the hundreds digit of n?
3
Suppose -30 = -19*o + 521. Suppose 5*r = -15, b + o = -2*r + 154. What is the hundreds digit of b?
1
Let r be 72/27*(-3 + 27/(-12)). What is the units digit of 7/(r/(-130)) - -1?
6
Let y = 323 + 42. Let m(k) = -5*k - 3. Let t be m(-2). Suppose -5*v + y = 2*o, 5*v - 32 + t = 0. What is the tens digit of o?
7
Let a(w) = 334*w**2 - 22*w + 273. What is the thousands digit of a(11)?
0
Let d(w) = -10 + 360*w**3 - w - 6 + w**2 - 358*w**3. Let o be d(5). Let v = o + -123. What is the hundreds digit of v?
1
Suppose 0 = 10*m - 5*m - 125. Let x = m + -70. Let o 